 v(w). Calculate the remainder when l(d) is divided by 9.
8
Let z(o) = 13*o**2 - o - 1. Let f = -13 - -9. Calculate the remainder when z(2) is divided by f/30 - 1542/(-90).
15
Suppose -5*l - 4 = -9*l. Calculate the remainder when (l - 3 - -3)/1 is divided by 1.
0
Let f(h) = h - 13. Let i be f(6). Let k be (-10)/(-2) + i/7. Suppose q = k*u - 129, -2*q - 98 = -u - 2*u. What is the remainder when u is divided by 17?
15
What is the remainder when 118 is divided by (-12)/(-9)*(-225)/(-10)?
28
Suppose f = -4*r + 37, -3*r = -f + 6*f - 32. Let m be 50/2 - 0/(-1). Let w = 51 - m. Calculate the remainder when w is divided by r.
8
Suppose -68 - 27 = -5*v. What is the remainder when 75 is divided by v?
18
Let y be (18/(-4) + 1)*-2. Let v = 10 - y. Calculate the remainder when 11 is divided by v.
2
Suppose s = -2*f + 3, -3*s + f + 29 = 2*f. What is the remainder when (-1)/(-2*3/180) is divided by s?
8
Let b(o) = o**3 - o + 19. Let x be b(0). Let h = x - 2. Calculate the remainder when 50 is divided by h.
16
Let w = -45 + 83. Suppose 0 = -2*d - 3*r + 51, 2*d = d + r + w. Calculate the remainder when d is divided by 17.
16
Let b be (0 - 3)/((-1)/(-5)). Calculate the remainder when ((-200)/60)/(1/(-12)) is divided by (-204)/b - 4/(-10).
12
Suppose -3*f - 120 = 3*j, 5*f = 2*j + j - 200. Let c = -29 - f. Calculate the remainder when 42 is divided by c.
9
Suppose x - 14 = 3*c, 22 = -0*x + 5*x - 3*c. Calculate the remainder when 17 is divided by x.
1
Let n(s) = -s - 3 - 5 + 0*s + 0. Let t be n(10). Let z = 34 + t. What is the remainder when z is divided by 6?
4
Suppose 0 = 3*z + 5*s - 48, -s + 3*s = -2*z + 28. Let f be (-2)/(1 + 1) - -5. Suppose f + 28 = p. What is the remainder when p is divided by z?
10
Let w(k) = 5*k**2 - 5*k - 2. Let q = 2 - 5. Let i be w(q). Calculate the remainder when 2/6 + i/6 is divided by 4.
2
Suppose 0*g + 5*g = -20, -g = q - 23. What is the remainder when q is divided by 8?
3
Let p(n) = n**3 + n**2 + n - 2. Let u be p(0). Let h = u + 0. What is the remainder when (-1)/((-1 + h)/102) is divided by 9?
7
Let n(l) = -2*l - 8. What is the remainder when 6 is divided by n(-5)?
0
Let b(j) = 17*j - 1. Let p be ((-20)/(-6))/(2/3). Suppose 0 = y - p*y + 24. Calculate the remainder when b(1) is divided by y.
4
Let l(h) = h**3 + 5*h**2 + 3*h + 4. Suppose 0 = c - 9 + 2. What is the remainder when l(-3) is divided by c?
6
Let c(i) = 5*i + 7. Let j(o) = -2*o - 3. Let n(z) = 3*c(z) + 7*j(z). Calculate the remainder when n(3) is divided by 1.
0
Suppose -3*i - 12 - 6 = 0. Let b(j) = 6*j - 9 - 4*j - 4*j. Calculate the remainder when 4 is divided by b(i).
1
Calculate the remainder when (-760)/(-24) - (-2)/(-3) is divided by 17.
14
Suppose -4*i + 30 = b, -3*b = 2*b - 10. Calculate the remainder when 12 is divided by i.
5
Suppose -17 = p + 5*i, 3*p = -0*i + 2*i + 17. Calculate the remainder when p is divided by (-1 + 0 - -2)*2.
1
Suppose -g - 20 = -21, -99 = -4*b - 3*g. Calculate the remainder when 71 is divided by b.
23
Suppose -11*p - 153 = -12*p. Calculate the remainder when p is divided by 31.
29
Suppose 0*o = -2*g - o + 16, -2*o = 2*g - 14. Let z(m) = -m**2 + 1. Let w be z(-2). Let q(u) = -3*u - 4. What is the remainder when g is divided by q(w)?
4
Suppose -2*r - l + 81 = 24, 0 = -2*l - 2. Suppose -2*i - 11 = -83. Suppose 5*v - k = i, 4*k = -v + 4 + 20. What is the remainder when r is divided by v?
5
Let g = -1 + 60. Let p = 83 - g. Calculate the remainder when 93 is divided by p.
21
Let s = -18 + 29. Suppose n - s = -2*i, 28 = 2*n + 5*i + 6. What is the remainder when n is divided by 6?
5
Let g(l) = 14*l**2 + 1. Calculate the remainder when 41 is divided by g(1).
11
Let g be (3 + 1)*351/12. Let o = 168 - g. Calculate the remainder when o is divided by 13.
12
Let c = 24 + -47. Let s = 38 + c. What is the remainder when 58 is divided by s?
13
What is the remainder when 15 + (-6 + 2)/(-4) is divided by 6?
4
Suppose -4 = -3*z + 3*m + 8, 3*m = 2*z - 7. Suppose 36 + 1 = 2*o - z*i, 4*i = 4*o - 80. What is the remainder when 82 is divided by o?
19
Let d(h) = 4*h + 1. Let v be d(1). Suppose -v*j - a + 57 + 31 = 0, 40 = 2*j + 2*a. Calculate the remainder when 66 is divided by j.
15
Let s = -10 - -46. What is the remainder when (s/21)/((-4)/(-70)) is divided by 11?
8
Let l be (2 + 6/(-4))*-16. Let v = -2 - l. Let j(y) = y**3 - 6*y**2 + 8. Calculate the remainder when 22 is divided by j(v).
6
Let c = 4 + -6. Let w = c - -2. Suppose -d + 17 - 7 = w. What is the remainder when d is divided by 4?
2
Let n = 3 + -10. Let a = n + 10. Calculate the remainder when 8 is divided by a.
2
Let k = -14 - -21. Let n(l) = 10*l - 9. What is the remainder when n(k) is divided by 16?
13
Let g(b) = -b**2 + 3*b - 3. Let w be g(4). Let u(y) = -4 - 2*y**2 + 3*y - 11*y - 5*y + y**2. What is the remainder when u(w) is divided by 13?
12
Suppose t - n = 0, -4*t + 4*n = -7*t. Suppose t = l + 4, -5*l + 8 = 3*o + 1. Suppose 1 + o = 5*p. Calculate the remainder when p is divided by 2.
0
Let p(x) = -15*x - 1. Suppose 3*u - 70 = -2*s, -4*u = -2*s + 83 + 15. Calculate the remainder when s is divided by p(-1).
13
Let a(t) = -t**3 - 6*t**2 - 6*t + 3. Let l = 15 + -12. Calculate the remainder when a(-5) is divided by l.
2
Suppose 0 = 3*m - 75 + 21. Calculate the remainder when 49 is divided by m.
13
Let s = -1 + 1. Suppose s*u + u = 20. Suppose d = 3*d - u. Calculate the remainder when 19 is divided by d.
9
Let n(h) = -h**2 - 7*h + 3. Let j be (45/12 + -3)*-8. What is the remainder when 34 is divided by n(j)?
7
Suppose -5*t + 43 = -32. Suppose 16 = 5*k + 4*b, 0*b - 21 = -4*k + 5*b. Let d = 8 - k. What is the remainder when t is divided by d?
3
Let i = -24 - -48. Calculate the remainder when 46 is divided by i.
22
Let t = 59 + 61. Suppose 213 = 3*z - 3*u, -z + 0*z + 2*u + 68 = 0. Let r = t - z. Calculate the remainder when r is divided by 16.
14
Let l be 1/(-4) + (-933)/12. Let c = l - -130. Suppose -2*m + 6*m - c = 0. Calculate the remainder when 24 is divided by m.
11
Suppose 3*v - 4*p = 21, 0 = -v - 3*v + 5*p + 27. Suppose v*s - 23 = 40. Calculate the remainder when s is divided by 11.
10
Let r(a) = 15*a**3 - a**2 - a + 1. Let p be r(1). Let i = 13 + p. Calculate the remainder when i is divided by 10.
7
Calculate the remainder when 48/(-9)*351/(-12) is divided by 53.
50
Let w(c) = -c**2 - 9*c - 2. Let h = 234 - 204. What is the remainder when h is divided by w(-6)?
14
Let n(h) = -h**3 - 14*h**2 + 8*h - 1. What is the remainder when n(-15) is divided by 21?
20
Let p(g) = 2*g**2 + g - 2. Let v be p(0). What is the remainder when ((-19)/v)/((-12)/(-24)) is divided by 5?
4
Let l(w) = 17*w**2 + 2*w - 1. Suppose 0 = 3*s - 3*y - 44 + 5, -2*s - 5*y + 5 = 0. Calculate the remainder when l(1) is divided by s.
8
Suppose 23 = d - 4*j, 4*j + j + 34 = 3*d. Suppose 2*n + 2 = 5*q, -d*q = 2*n - 5*n + 6. What is the remainder when 6 is divided by q?
0
Let n = 16 - 9. What is the remainder when n is divided by 2?
1
Let b(f) = f**3 - 11*f**2 + 20*f + 19. Calculate the remainder when 221 is divided by b(9).
36
Let v be 1/(-2) + 36/8. Suppose v*g - g - 51 = 0. Calculate the remainder when 32 is divided by g.
15
Calculate the remainder when 95 is divided by -1*9/6*150/(-9).
20
Suppose x + h + 3 = 0, -4*x + 10*h = 5*h - 33. Let i = x - 2. Suppose i = m - 0*d - 2*d, 5*d = 25. What is the remainder when 18 is divided by m?
8
Let j(o) = 39*o**2 + o + 1. Let s = 43 + -22. What is the remainder when j(-1) is divided by s?
18
Calculate the remainder when (1/6)/(7/14)*249 is divided by 17.
15
Let a(m) = -9*m**3 + m**2 + 4*m + 3. What is the remainder when a(-2) is divided by 25?
21
Suppose -352 = -4*r - 96. Suppose 20 + r = 2*h. What is the remainder when h is divided by 15?
12
Let y(r) = 3*r**3 - 3*r**2 + 3*r - 2. Suppose 4*w + 3*s - 39 = 0, 8*w + 5*s = 5*w + 32. Calculate the remainder when y(2) is divided by w.
7
Let k = -219 + 474. What is the remainder when k is divided by 43?
40
Let j = 70 - 47. Calculate the remainder when 43 is divided by j.
20
Suppose b + 0 = 4. Let m be b/(12/9) + -2. Let h = 4 + m. Calculate the remainder when 8 is divided by h.
3
Let p(t) = -t**2 - 9*t + 4. What is the remainder when (-1)/4 + 222/24 is divided by p(-9)?
1
Suppose 4*q - 245 = -3*y, 0 = 5*q - 3*q + 2*y - 122. Calculate the remai